{"id":1189,"date":"2014-05-02T14:17:58","date_gmt":"2014-05-02T11:17:58","guid":{"rendered":"http:\/\/asashio.anime.ee\/?page_id=1189"},"modified":"2024-02-17T17:11:10","modified_gmt":"2024-02-17T14:11:10","slug":"2012-2","status":"publish","type":"page","link":"https:\/\/asashio.baka.ee\/?page_id=1189","title":{"rendered":"2012 &#8211; 2014"},"content":{"rendered":"<p><strong>2012<\/strong><\/p>\n<p>- 21. detsember 2012 - <a href=\"https:\/\/asashio.ee\/?p=814\">Asashio j\u00f5ulupidu<\/a>\u00a0| <a href=\"http:\/\/www.flickr.com\/photos\/113467375@N04\/sets\/72157639523180726\/\">Fotod<\/a><br \/>\n- 1.-2. detsember 2012 - Anime\u00f6\u00f6 19 'Post-apokal\u00fcpsis'<br \/>\n- 10. november 2012 - <a href=\"https:\/\/asashio.ee\/?p=785\">Asashio 7. s\u00fcnnip\u00e4evapidu<\/a><br \/>\n- 22.-23. september 2012 - AniMatsuri 2012<br \/>\n- 24.-26. august 2013 - <a href=\"http:\/\/www.baka.ee\/foorum\/viewtopic.php?t=3172\">Baka.ee suvine kokkutulek<\/a><br \/>\n- 7.-8. juuli 2012 - Baka.ee kanuumatk | <a href=\"http:\/\/www.flickr.com\/photos\/113467375@N04\/sets\/72157639454832655\/\">Fotod<\/a><br \/>\n- 30. mai 2012 - <a href=\"https:\/\/asashio.ee\/?p=701\">Jaapani p\u00e4ev Hirvepagris<\/a><br \/>\n- 19. mai 2012 - Anime\u00f6\u00f6 18 'Yandere'<br \/>\n- 10. mai 2012 - <a href=\"http:\/\/www.baka.ee\/foorum\/viewtopic.php?t=3176\">hanamipiknik<\/a>\u00a0| <a href=\"http:\/\/www.flickr.com\/photos\/113467375@N04\/sets\/72157639456472113\/\">Fotod<\/a><br \/>\n- 27. aprill - 6. mai 2012 - <a href=\"http:\/\/www.baka.ee\/foorum\/viewtopic.php?t=3158\">6. JAFF <\/a><br \/>\n- 23. m\u00e4rts 2012 - Ettekande\u00f5htu <a href=\"https:\/\/asashio.ee\/?p=684\">\"\u00dcheksa magnituudi Jaapanis\"<\/a><br \/>\n- 17. m\u00e4rts 2012 - Asashio ja Miyako \u00fchine <a href=\"https:\/\/asashio.ee\/?p=667\">White Day pidu<\/a><br \/>\n- 17. veebruar 2012 - <a href=\"http:\/\/asashio.anime.ee\/2012\/02\/asashio-sobrapaevapidu\/\">Asashio s\u00f5brap\u00e4evapidu<\/a><br \/>\n- 28.-29. jaanuar 2012 - <a href=\"http:\/\/www.baka.ee\/foorum\/viewtopic.php?t=3090\">Baka.ee kokkutulek<\/a><\/p>\n<p><strong>2013<\/strong><\/p>\n<p>- 12. detsember 2013 - <a href=\"https:\/\/www.facebook.com\/events\/329832023822887\/\">Filmi\u00f5htu<\/a> Tallinnas | Koost\u00f6\u00f6s <a href=\"http:\/\/euphoria.traveller.ee\/\">hostel Euphoriaga<\/a><br \/>\n- 7. detsember 2013 - <a href=\"https:\/\/asashio.ee\/?p=844\">Asashio j\u00f5ulupidu<\/a>\u00a0| <a href=\"http:\/\/www.flickr.com\/photos\/113467375@N04\/sets\/72157639527719566\/\">Fotod<\/a><br \/>\n- 4. detsember 2013 - <a href=\"https:\/\/www.facebook.com\/events\/613546372025006\/\">Filmi\u00f5htu<\/a> Tallinnas | Koost\u00f6\u00f6s <a href=\"http:\/\/euphoria.traveller.ee\/\">hostel Euphoriaga<\/a><br \/>\n- 20.-22. september 2013 - AniMatsuri 2013\u00a0| Fotod: <a href=\"http:\/\/www.flickr.com\/photos\/113467375@N04\/sets\/72157639532650804\/\">1. p\u00e4ev<\/a> ja <a href=\"http:\/\/www.flickr.com\/photos\/113467375@N04\/sets\/72157639533002684\/\">2. p\u00e4ev<\/a><br \/>\n- 10. august 2013 - <a href=\"http:\/\/www.baka.ee\/foorum\/viewtopic.php?t=3381\">Baka.ee suvine kokkutulek<\/a> | <a href=\"http:\/\/www.flickr.com\/photos\/113467375@N04\/sets\/72157639530712305\/\">Fotod<\/a><br \/>\n- 20.-21. juuli 2013 - <a href=\"http:\/\/www.baka.ee\/foorum\/viewtopic.php?t=3349\">Baka.ee kanuumatk<\/a><br \/>\n- 1.-12. mai 2013 - <a href=\"http:\/\/www.baka.ee\/foorum\/viewtopic.php?t=3341\">7. JAFF<\/a><br \/>\n- 11. mai 2013 - <a href=\"https:\/\/asashio.ee\/?p=831\">hanamipiknik<\/a><br \/>\n- 24. m\u00e4rts 2013 - <a href=\"http:\/\/www.baka.ee\/foorum\/viewtopic.php?t=3332\">Jaapani popkultuurip\u00e4ev KUMUs<\/a> | Koost\u00f6\u00f6s <a href=\"http:\/\/www.kumu.ee\/et\/\">KUMUga<\/a>\u00a0| <a href=\"http:\/\/www.flickr.com\/photos\/113467375@N04\/sets\/72157639529273014\/\">Fotod<\/a><br \/>\n- 16. m\u00e4rts 2013 - Asashio <a href=\"https:\/\/asashio.ee\/?p=824\">White Day pidu<\/a><br \/>\n- 23.-24. veebruar 2013 - Anime\u00f6\u00f6 20 'K\u00fcbarat\u00e4is maagiat'<br \/>\n- 2. veebruar 2013 - <a href=\"http:\/\/www.baka.ee\/foorum\/viewtopic.php?t=3281\">Baka.ee 10. juubeli kokkutulek<\/a> | <a href=\"http:\/\/www.flickr.com\/photos\/113467375@N04\/sets\/72157639529427803\/\">Fotod<\/a><\/p>\n<p><strong>2014<\/strong><\/p>\n<p>- 13. detsember 2014 - j\u00f5ulupidu<br \/>\n- 23. november 2014 - <a href=\"https:\/\/asashio.ee\/?p=1303\">Jaapani p\u00e4ev P\u00d6FFi raames Tallinnas<\/a> | <a href=\"https:\/\/www.flickr.com\/photos\/113467375@N04\/albums\/72157647107151884\/\" target=\"_blank\" rel=\"noopener\">Fotod<\/a><br \/>\n- 13. november 2014 - <a href=\"https:\/\/asashio.ee\/?p=1306\"> S\u00fcnnip\u00e4ev <\/a><br \/>\n- 31. oktoober 2014 - Anime\u00f6\u00f6: Halloween<br \/>\n- 5. oktoober 2014 - <a href=\"https:\/\/asashio.eee\/?p=1282\">Tutvumis\u00f5htu<\/a> | <a href=\"https:\/\/www.flickr.com\/photos\/113467375@N04\/albums\/72157649289539985\/\" target=\"_blank\" rel=\"noopener\">Fotod<\/a><br \/>\n- 19.-21. september 2014 - AniMatsuri 2014 | Fotod: <a href=\"https:\/\/www.flickr.com\/photos\/113467375@N04\/albums\/72157649538377442\" target=\"_blank\" rel=\"noopener\">1<\/a>, <a href=\"https:\/\/www.flickr.com\/photos\/113467375@N04\/albums\/72157647223736713\/\" target=\"_blank\" rel=\"noopener\">2<\/a>, <a href=\"https:\/\/www.flickr.com\/photos\/113467375@N04\/albums\/72157647217771004\/\" target=\"_blank\" rel=\"noopener\">3<\/a>, <a href=\"https:\/\/www.flickr.com\/photos\/113467375@N04\/albums\/72157649537222502\/\" target=\"_blank\" rel=\"noopener\">4<\/a>, <a href=\"https:\/\/www.flickr.com\/photos\/113467375@N04\/albums\/72157649483467756\/\" target=\"_blank\" rel=\"noopener\">5<\/a><br \/>\n- 29. august 2014 - Anime\u00f6\u00f6: Kool<br \/>\n- 2.-3. august 2014 - UniCon 2014 Riias<br \/>\n- 6.-9. juuli 2014 - \u00d5llesummeri Jaapani telk<br \/>\n- 1. juuni 2014 - Lastekaitsep\u00e4ev Tallinna Loomaaias | <a href=\"https:\/\/www.flickr.com\/photos\/113467375@N04\/albums\/72157644955850261\" target=\"_blank\" rel=\"noopener noreferrer\">Fotod<\/a><br \/>\n- 24. mai 2014 - koosolek ja anime\u00f6\u00f6<br \/>\n- 17. mai 2014 - Sake \u00f5htu<br \/>\n- 3. mai 2014 - <a href=\"https:\/\/asashio.ee\/?p=1686\">Cosplay t\u00f6\u00f6tuba<\/a><br \/>\n- 26. aprill 2014 -\u00a0<a href=\"https:\/\/asashio.ee\/?p=1161\">M\u00e4ngude \u00f5htu ja \u00f6\u00f6<\/a><br \/>\n- 25. aprill 2014 - <a href=\"https:\/\/asashio.ee\/?p=1155\">Hanami piknik<\/a> | <a href=\"https:\/\/www.flickr.com\/photos\/113467375@N04\/albums\/72157644554905650\/\" target=\"_blank\" rel=\"noopener\">Fotod<\/a><br \/>\n- 12. aprill 2014 - <a href=\"https:\/\/asashio.ee\/?p=1143\">JAFFi raames anime vaatamine<\/a><br \/>\n- 5. aprill 2014 animep\u00e4rastl\u00f5una: l\u00fchianimed l\u00fchianimed<br \/>\n- 20. m\u00e4rts 2014 - ettekande\u00f5htu <a href=\"https:\/\/asashio.ee\/?p=1119\">\"\u00dcheksa magnituudi Jaapanis\"<\/a><br \/>\n- 15. m\u00e4rts 2014 - <a href=\"https:\/\/asashioee\/?p=1110\" data-wplink-url-error=\"true\">m\u00e4ngude p\u00e4ev<\/a> | <a href=\"https:\/\/www.flickr.com\/photos\/113467375@N04\/albums\/72157649223715246\" target=\"_blank\" rel=\"noopener\">Fotod<\/a><br \/>\n- 25. veerbruar 2014 - sushi\u00f5htu | <a href=\"https:\/\/www.flickr.com\/photos\/113467375@N04\/albums\/72157644957464342\" target=\"_blank\" rel=\"noopener\">Fotod<\/a><br \/>\n- 22. veebruar 2014 -\u00a0anime\u00f6\u00f6<br \/>\n- 15. veebruar 2014 - <a href=\"http:\/\/asashio.anime.ee\/2014\/02\/sobrapaevapidu-tartus-15-veebruar\/\">S\u00f5brap\u00e4eva pidu<\/a><br \/>\n- 14.-16. veebruar 2014 - osav\u00f5tt <a href=\"https:\/\/asashio.ee\/?p=1101\">turismismessist<\/a> <a href=\"http:\/\/tourest.eu\/\">TourEst<\/a> Jaapani Saatkonna boksis<br \/>\n- 14.-15. veebruar 2014 - osav\u00f5tt Tartu haridusmessist <a href=\"http:\/\/www.intellektika.ee\/\">Intellektika<\/a> | <a href=\"https:\/\/www.flickr.com\/photos\/113467375@N04\/albums\/72157646959278303\" target=\"_blank\" rel=\"noopener\">Fotod<\/a><br \/>\n- 1. veebruar 2014 -\u00a0<a href=\"http:\/\/www.baka.ee\/foorum\/viewtopic.php?t=3416\">Baka.ee 11. kokkutulek<\/a><\/p>\n","protected":false},"excerpt":{"rendered":"<p>2012 &#8211; 21. detsember 2012 &#8211; Asashio j\u00f5ulupidu\u00a0| Fotod &#8211; 1.-2. detsember 2012 &#8211; Anime\u00f6\u00f6 19 &#8216;Post-apokal\u00fcpsis&#8217; &#8211; 10. november 2012 &#8211; Asashio 7. s\u00fcnnip\u00e4evapidu &#8211; 22.-23. september 2012 &#8211; AniMatsuri 2012 &#8211; 24.-26. august 2013 &#8211; Baka.ee suvine kokkutulek &#8211; 7.-8. juuli 2012 &#8211; Baka.ee kanuumatk | Fotod &#8211; 30. mai 2012 &#8211; Jaapani [&hellip;]<\/p>\n","protected":false},"author":1,"featured_media":0,"parent":32,"menu_order":7,"comment_status":"closed","ping_status":"closed","template":"page-templates\/full-width.php","meta":[],"yoast_head":"<!-- This site is optimized with the Yoast SEO plugin v19.0 - https:\/\/yoast.com\/wordpress\/plugins\/seo\/ -->\n<title>2012 - 2014 - Kultuuriklubi Asashio<\/title>\n<meta name=\"robots\" content=\"index, follow, max-snippet:-1, max-image-preview:large, max-video-preview:-1\" \/>\n<link rel=\"canonical\" href=\"https:\/\/asashio.baka.ee\/?page_id=1189\" \/>\n<meta property=\"og:locale\" content=\"en_US\" \/>\n<meta property=\"og:type\" content=\"article\" \/>\n<meta property=\"og:title\" content=\"2012 - 2014 - Kultuuriklubi Asashio\" \/>\n<meta property=\"og:description\" content=\"2012 - 21. detsember 2012 - Asashio j\u00f5ulupidu\u00a0| Fotod - 1.-2. detsember 2012 - Anime\u00f6\u00f6 19 &#039;Post-apokal\u00fcpsis&#039; - 10. november 2012 - Asashio 7. s\u00fcnnip\u00e4evapidu - 22.-23. september 2012 - AniMatsuri 2012 - 24.-26. august 2013 - Baka.ee suvine kokkutulek - 7.-8. juuli 2012 - Baka.ee kanuumatk | Fotod - 30. mai 2012 - Jaapani [&hellip;]\" \/>\n<meta property=\"og:url\" content=\"https:\/\/asashio.baka.ee\/?page_id=1189\" \/>\n<meta property=\"og:site_name\" content=\"Kultuuriklubi Asashio\" \/>\n<meta property=\"article:publisher\" content=\"https:\/\/www.facebook.com\/jaapanikultuuriklubiasashio\" \/>\n<meta property=\"article:modified_time\" content=\"2024-02-17T14:11:10+00:00\" \/>\n<meta name=\"twitter:card\" content=\"summary_large_image\" \/>\n<meta name=\"twitter:site\" content=\"@tartu_asashio\" \/>\n<meta name=\"twitter:label1\" content=\"Est. reading time\" \/>\n\t<meta name=\"twitter:data1\" content=\"2 minutes\" \/>\n<script type=\"application\/ld+json\" class=\"yoast-schema-graph\">{\"@context\":\"https:\/\/schema.org\",\"@graph\":[{\"@type\":\"WebSite\",\"@id\":\"https:\/\/asashio.baka.ee\/#website\",\"url\":\"https:\/\/asashio.baka.ee\/\",\"name\":\"Kultuuriklubi Asashio\",\"description\":\"\",\"potentialAction\":[{\"@type\":\"SearchAction\",\"target\":{\"@type\":\"EntryPoint\",\"urlTemplate\":\"https:\/\/asashio.baka.ee\/?s={search_term_string}\"},\"query-input\":\"required name=search_term_string\"}],\"inLanguage\":\"en-US\"},{\"@type\":\"WebPage\",\"@id\":\"https:\/\/asashio.baka.ee\/?page_id=1189#webpage\",\"url\":\"https:\/\/asashio.baka.ee\/?page_id=1189\",\"name\":\"2012 - 2014 - Kultuuriklubi Asashio\",\"isPartOf\":{\"@id\":\"https:\/\/asashio.baka.ee\/#website\"},\"datePublished\":\"2014-05-02T11:17:58+00:00\",\"dateModified\":\"2024-02-17T14:11:10+00:00\",\"breadcrumb\":{\"@id\":\"https:\/\/asashio.baka.ee\/?page_id=1189#breadcrumb\"},\"inLanguage\":\"en-US\",\"potentialAction\":[{\"@type\":\"ReadAction\",\"target\":[\"https:\/\/asashio.baka.ee\/?page_id=1189\"]}]},{\"@type\":\"BreadcrumbList\",\"@id\":\"https:\/\/asashio.baka.ee\/?page_id=1189#breadcrumb\",\"itemListElement\":[{\"@type\":\"ListItem\",\"position\":1,\"name\":\"Home\",\"item\":\"https:\/\/asashio.baka.ee\/\"},{\"@type\":\"ListItem\",\"position\":2,\"name\":\"\u00dcritused\",\"item\":\"https:\/\/asashio.baka.ee\/?page_id=32\"},{\"@type\":\"ListItem\",\"position\":3,\"name\":\"2012 &#8211; 2014\"}]}]}<\/script>\n<!-- \/ Yoast SEO plugin. -->","yoast_head_json":{"title":"2012 - 2014 - Kultuuriklubi Asashio","robots":{"index":"index","follow":"follow","max-snippet":"max-snippet:-1","max-image-preview":"max-image-preview:large","max-video-preview":"max-video-preview:-1"},"canonical":"https:\/\/asashio.baka.ee\/?page_id=1189","og_locale":"en_US","og_type":"article","og_title":"2012 - 2014 - Kultuuriklubi Asashio","og_description":"2012 - 21. detsember 2012 - Asashio j\u00f5ulupidu\u00a0| Fotod - 1.-2. detsember 2012 - Anime\u00f6\u00f6 19 'Post-apokal\u00fcpsis' - 10. november 2012 - Asashio 7. s\u00fcnnip\u00e4evapidu - 22.-23. september 2012 - AniMatsuri 2012 - 24.-26. august 2013 - Baka.ee suvine kokkutulek - 7.-8. juuli 2012 - Baka.ee kanuumatk | Fotod - 30. mai 2012 - Jaapani [&hellip;]","og_url":"https:\/\/asashio.baka.ee\/?page_id=1189","og_site_name":"Kultuuriklubi Asashio","article_publisher":"https:\/\/www.facebook.com\/jaapanikultuuriklubiasashio","article_modified_time":"2024-02-17T14:11:10+00:00","twitter_card":"summary_large_image","twitter_site":"@tartu_asashio","twitter_misc":{"Est. reading time":"2 minutes"},"schema":{"@context":"https:\/\/schema.org","@graph":[{"@type":"WebSite","@id":"https:\/\/asashio.baka.ee\/#website","url":"https:\/\/asashio.baka.ee\/","name":"Kultuuriklubi Asashio","description":"","potentialAction":[{"@type":"SearchAction","target":{"@type":"EntryPoint","urlTemplate":"https:\/\/asashio.baka.ee\/?s={search_term_string}"},"query-input":"required name=search_term_string"}],"inLanguage":"en-US"},{"@type":"WebPage","@id":"https:\/\/asashio.baka.ee\/?page_id=1189#webpage","url":"https:\/\/asashio.baka.ee\/?page_id=1189","name":"2012 - 2014 - Kultuuriklubi Asashio","isPartOf":{"@id":"https:\/\/asashio.baka.ee\/#website"},"datePublished":"2014-05-02T11:17:58+00:00","dateModified":"2024-02-17T14:11:10+00:00","breadcrumb":{"@id":"https:\/\/asashio.baka.ee\/?page_id=1189#breadcrumb"},"inLanguage":"en-US","potentialAction":[{"@type":"ReadAction","target":["https:\/\/asashio.baka.ee\/?page_id=1189"]}]},{"@type":"BreadcrumbList","@id":"https:\/\/asashio.baka.ee\/?page_id=1189#breadcrumb","itemListElement":[{"@type":"ListItem","position":1,"name":"Home","item":"https:\/\/asashio.baka.ee\/"},{"@type":"ListItem","position":2,"name":"\u00dcritused","item":"https:\/\/asashio.baka.ee\/?page_id=32"},{"@type":"ListItem","position":3,"name":"2012 &#8211; 2014"}]}]}},"_links":{"self":[{"href":"https:\/\/asashio.baka.ee\/index.php?rest_route=\/wp\/v2\/pages\/1189"}],"collection":[{"href":"https:\/\/asashio.baka.ee\/index.php?rest_route=\/wp\/v2\/pages"}],"about":[{"href":"https:\/\/asashio.baka.ee\/index.php?rest_route=\/wp\/v2\/types\/page"}],"author":[{"embeddable":true,"href":"https:\/\/asashio.baka.ee\/index.php?rest_route=\/wp\/v2\/users\/1"}],"replies":[{"embeddable":true,"href":"https:\/\/asashio.baka.ee\/index.php?rest_route=%2Fwp%2Fv2%2Fcomments&post=1189"}],"version-history":[{"count":6,"href":"https:\/\/asashio.baka.ee\/index.php?rest_route=\/wp\/v2\/pages\/1189\/revisions"}],"predecessor-version":[{"id":1836,"href":"https:\/\/asashio.baka.ee\/index.php?rest_route=\/wp\/v2\/pages\/1189\/revisions\/1836"}],"up":[{"embeddable":true,"href":"https:\/\/asashio.baka.ee\/index.php?rest_route=\/wp\/v2\/pages\/32"}],"wp:attachment":[{"href":"https:\/\/asashio.baka.ee\/index.php?rest_route=%2Fwp%2Fv2%2Fmedia&parent=1189"}],"curies":[{"name":"wp","href":"https:\/\/api.w.org\/{rel}","templated":true}]}}