{"id":1334,"date":"2015-02-28T21:38:29","date_gmt":"2015-02-28T19:38:29","guid":{"rendered":"http:\/\/asashio.anime.ee\/?page_id=1334"},"modified":"2024-02-17T17:14:28","modified_gmt":"2024-02-17T14:14:28","slug":"2015-2017","status":"publish","type":"page","link":"https:\/\/asashio.baka.ee\/?page_id=1334","title":{"rendered":"2015 &#8211; 2017"},"content":{"rendered":"<p><strong>2015<\/strong><\/p>\n<p>- 13. veebruar - <a href=\"https:\/\/asashio.ee\/?p=1326\">S\u00f5brap\u00e4evapidu Tallinnas<\/a><br \/>\n- 13.-15. veebruar - TourEst turismimess Tallinnas | Koost\u00f6\u00f6s\u00a0<a href=\"http:\/\/www.ee.emb-japan.go.jp\/itprtop_en\/index.html\" target=\"_blank\" rel=\"noopener noreferrer\">Jaapani Suursaatkonnaga Eestis<\/a>|\u00a0<a href=\"https:\/\/www.flickr.com\/photos\/113467375@N04\/sets\/72157652424990815\" target=\"_blank\" rel=\"noopener noreferrer\">Fotod<\/a><br \/>\n- 28. veebruar - Anime\u00f6\u00f6: M\u00fcsteeriumid<br \/>\n- 14. m\u00e4rts - <a href=\"https:\/\/asashio.ee\/?p=1348\">White Day pidu Tartus<\/a><br \/>\n- 27. m\u00e4rts - <a href=\"https:\/\/asashio.ee\/?p=1379\">minimangade joonistamine Tartus<\/a><br \/>\n- 28. m\u00e4rts - <a href=\"https:\/\/www.facebook.com\/events\/1602726303294608\/\">Cosplay p\u00e4ev Tallinnas<\/a> | <a href=\"https:\/\/www.flickr.com\/photos\/113467375@N04\/albums\/72157651723170031\" target=\"_blank\" rel=\"noopener\">Fotod<\/a><br \/>\n- 11. aprill - <a href=\"https:\/\/asashio.ee\/?p=1386\">mahjongi ja go p\u00e4ev <\/a><br \/>\n- 17. aprill - <a href=\"https:\/\/asashio.ee\/?p=1399\">ettekande\u00f5htu kultuuriklubiga Tartus<\/a><br \/>\n- 25. aprill - anime\u00fcritus V\u00f5rus<br \/>\n- 3. mai - Hanami piknik<br \/>\n- 9. mai - \u00fcldkoosolek<br \/>\n- 9. mai - anime\u00f6\u00f6 Tartus<br \/>\n- 30. mai - <a href=\"https:\/\/asashio.ee\/?p=1429\"> Seminar korraldamisest<\/a><br \/>\n- 23.-24. juuni - jaanip\u00e4eva pidu<br \/>\n- 27.-28. juuni - \"Nyaa!\" Cosplay Leedus<br \/>\n- 1.-2. august - Unicon Riias<br \/>\n- 18.-20- september - AniMatsuri 2015 | Fotod: <a href=\"https:\/\/www.flickr.com\/photos\/113467375@N04\/albums\/72157660950726472\" target=\"_blank\" rel=\"noopener\">1<\/a>, <a href=\"https:\/\/www.flickr.com\/photos\/113467375@N04\/albums\/72157660204045267\" target=\"_blank\" rel=\"noopener\">2<\/a>, <a href=\"https:\/\/www.flickr.com\/photos\/113467375@N04\/albums\/72157660920897446\/\" target=\"_blank\" rel=\"noopener\">3<\/a><br \/>\n- 11. oktoober - Rakvere Avatud Noortekeskuse jaapanitemaatiline perep\u00e4ev<br \/>\n- 12. detsember - Asashio 10. s\u00fcnnip\u00e4ev | <a href=\"https:\/\/www.flickr.com\/photos\/113467375@N04\/albums\/72157663409855275\" target=\"_blank\" rel=\"noopener noreferrer\">Fotod<\/a><br \/>\n- 20. detsember - WinterCon Riias | <a href=\"https:\/\/www.flickr.com\/photos\/113467375@N04\/albums\/72157661056652013\" target=\"_blank\" rel=\"noopener noreferrer\">Fotod<\/a><\/p>\n<p><strong>2016<\/strong><\/p>\n<p>- 13.-14. veebruar - TourEst turismimess Tallinnas | Koost\u00f6\u00f6s <a href=\"http:\/\/www.ee.emb-japan.go.jp\/itprtop_en\/index.html\" target=\"_blank\" rel=\"noopener noreferrer\">Jaapani Suursaatkonnaga Eestis<\/a>\u00a0|\u00a0<a href=\"https:\/\/www.flickr.com\/photos\/113467375@N04\/sets\/72157664546098482\" target=\"_blank\" rel=\"noopener noreferrer\">Fotod<\/a><br \/>\n- 26. m\u00e4rts - Cosplay p\u00e4ev Tallinnas | <a href=\"https:\/\/www.flickr.com\/photos\/113467375@N04\/sets\/72157664757869423\" target=\"_blank\" rel=\"noopener noreferrer\">Fotod<\/a><br \/>\n- 1. mai - P\u00e4rnu Jaapani n\u00e4dala avap\u00e4ev | Korraldajaks <a href=\"http:\/\/www.raekylavanakool.ee\/\" target=\"_blank\" rel=\"noopener noreferrer\">P\u00e4rnu Raek\u00fcla Vanakooli Keskus<\/a>\u00a0|\u00a0<a href=\"https:\/\/www.flickr.com\/photos\/113467375@N04\/sets\/72157667863298333\" target=\"_blank\" rel=\"noopener noreferrer\">Fotod<\/a><br \/>\n- 6.-7. august - <a href=\"https:\/\/www.unicon.lv\" target=\"_blank\" rel=\"noopener noreferrer\">UniCon<\/a> L\u00e4tis | Fotod: <a href=\"https:\/\/www.flickr.com\/photos\/113467375@N04\/albums\/72157672094799051\" target=\"_blank\" rel=\"noopener\">1<\/a>, <a href=\"https:\/\/www.flickr.com\/photos\/113467375@N04\/albums\/72157670372014213\/\" target=\"_blank\" rel=\"noopener\">2<\/a><br \/>\n- September - <a href=\"http:\/\/animatsuri.eu\/2016\/\" target=\"_blank\" rel=\"noopener noreferrer\">Jaapani kuu<\/a><br \/>\n- 24.-25. september - AniMatsuri 2016 10. juubel!<\/p>\n<p><strong>2017<\/strong><\/p>\n<p>- 10.-12. veebruar - TourEst turismimess Tallinnas | Koost\u00f6\u00f6s <a href=\"http:\/\/www.ee.emb-japan.go.jp\/itprtop_en\/index.html\" target=\"_blank\" rel=\"noopener noreferrer\">Jaapani Suursaatkonnaga Eestis<\/a> | <a href=\"https:\/\/www.flickr.com\/photos\/113467375@N04\/sets\/72157679107839783\" target=\"_blank\" rel=\"noopener noreferrer\">Fotod<\/a><br \/>\n- 6. mai - Asashio hanamipiknik Atlantise juures | <a href=\"https:\/\/www.flickr.com\/photos\/113467375@N04\/sets\/72157689067264006\" target=\"_blank\" rel=\"noopener noreferrer\">Fotod<\/a><br \/>\n- 9.-11. juuni - <a href=\"http:\/\/www.animecon.nl\" target=\"_blank\" rel=\"noopener noreferrer\">Animecon<\/a> Hollandis<br \/>\n- 9. september - 6. oktoober - Jaapani kuu 2017 | <a href=\"https:\/\/www.flickr.com\/photos\/113467375@N04\/sets\/72157687590947640\" target=\"_blank\" rel=\"noopener noreferrer\">Fotod<\/a><br \/>\n- 23. september - AniMatsuri maskiball | Fotod: <a href=\"https:\/\/www.flickr.com\/photos\/113467375@N04\/sets\/72157687396380622\" target=\"_blank\" rel=\"noopener noreferrer\">Fotonurk<\/a>, <a href=\"https:\/\/www.flickr.com\/photos\/113467375@N04\/sets\/72157689602757655\" target=\"_blank\" rel=\"noopener noreferrer\">melu<\/a><br \/>\n- 24.-25. september - AniMatsuri 2017 | Fotod: <a href=\"https:\/\/www.flickr.com\/photos\/113467375@N04\/sets\/72157687396815672\" target=\"_blank\" rel=\"noopener noreferrer\">1<\/a>, <a href=\"https:\/\/www.flickr.com\/photos\/113467375@N04\/sets\/72157662667794298\" target=\"_blank\" rel=\"noopener noreferrer\">2<\/a>, <a href=\"https:\/\/www.flickr.com\/photos\/113467375@N04\/sets\/72157687400096112\" target=\"_blank\" rel=\"noopener noreferrer\">3<\/a>, <a href=\"https:\/\/www.flickr.com\/photos\/113467375@N04\/sets\/72157689787870935\" target=\"_blank\" rel=\"noopener noreferrer\">4<\/a><\/p>\n","protected":false},"excerpt":{"rendered":"<p>2015 &#8211; 13. veebruar &#8211; S\u00f5brap\u00e4evapidu Tallinnas &#8211; 13.-15. veebruar &#8211; TourEst turismimess Tallinnas | Koost\u00f6\u00f6s\u00a0Jaapani Suursaatkonnaga Eestis|\u00a0Fotod &#8211; 28. veebruar &#8211; Anime\u00f6\u00f6: M\u00fcsteeriumid &#8211; 14. m\u00e4rts &#8211; White Day pidu Tartus &#8211; 27. m\u00e4rts &#8211; minimangade joonistamine Tartus &#8211; 28. m\u00e4rts &#8211; Cosplay p\u00e4ev Tallinnas | Fotod &#8211; 11. aprill &#8211; mahjongi ja go [&hellip;]<\/p>\n","protected":false},"author":1,"featured_media":0,"parent":32,"menu_order":8,"comment_status":"closed","ping_status":"open","template":"page-templates\/full-width.php","meta":[],"yoast_head":"<!-- This site is optimized with the Yoast SEO plugin v19.0 - https:\/\/yoast.com\/wordpress\/plugins\/seo\/ -->\n<title>2015 - 2017 - Kultuuriklubi Asashio<\/title>\n<meta name=\"robots\" content=\"index, follow, max-snippet:-1, max-image-preview:large, max-video-preview:-1\" \/>\n<link rel=\"canonical\" href=\"https:\/\/asashio.baka.ee\/?page_id=1334\" \/>\n<meta property=\"og:locale\" content=\"en_US\" \/>\n<meta property=\"og:type\" content=\"article\" \/>\n<meta property=\"og:title\" content=\"2015 - 2017 - Kultuuriklubi Asashio\" \/>\n<meta property=\"og:description\" content=\"2015 - 13. veebruar - S\u00f5brap\u00e4evapidu Tallinnas - 13.-15. veebruar - TourEst turismimess Tallinnas | Koost\u00f6\u00f6s\u00a0Jaapani Suursaatkonnaga Eestis|\u00a0Fotod - 28. veebruar - Anime\u00f6\u00f6: M\u00fcsteeriumid - 14. m\u00e4rts - White Day pidu Tartus - 27. m\u00e4rts - minimangade joonistamine Tartus - 28. m\u00e4rts - Cosplay p\u00e4ev Tallinnas | Fotod - 11. aprill - mahjongi ja go [&hellip;]\" \/>\n<meta property=\"og:url\" content=\"https:\/\/asashio.baka.ee\/?page_id=1334\" \/>\n<meta property=\"og:site_name\" content=\"Kultuuriklubi Asashio\" \/>\n<meta property=\"article:publisher\" content=\"https:\/\/www.facebook.com\/jaapanikultuuriklubiasashio\" \/>\n<meta property=\"article:modified_time\" content=\"2024-02-17T14:14:28+00:00\" \/>\n<meta name=\"twitter:card\" content=\"summary_large_image\" \/>\n<meta name=\"twitter:site\" content=\"@tartu_asashio\" \/>\n<meta name=\"twitter:label1\" content=\"Est. reading time\" \/>\n\t<meta name=\"twitter:data1\" content=\"1 minute\" \/>\n<script type=\"application\/ld+json\" class=\"yoast-schema-graph\">{\"@context\":\"https:\/\/schema.org\",\"@graph\":[{\"@type\":\"WebSite\",\"@id\":\"https:\/\/asashio.baka.ee\/#website\",\"url\":\"https:\/\/asashio.baka.ee\/\",\"name\":\"Kultuuriklubi Asashio\",\"description\":\"\",\"potentialAction\":[{\"@type\":\"SearchAction\",\"target\":{\"@type\":\"EntryPoint\",\"urlTemplate\":\"https:\/\/asashio.baka.ee\/?s={search_term_string}\"},\"query-input\":\"required name=search_term_string\"}],\"inLanguage\":\"en-US\"},{\"@type\":\"WebPage\",\"@id\":\"https:\/\/asashio.baka.ee\/?page_id=1334#webpage\",\"url\":\"https:\/\/asashio.baka.ee\/?page_id=1334\",\"name\":\"2015 - 2017 - Kultuuriklubi Asashio\",\"isPartOf\":{\"@id\":\"https:\/\/asashio.baka.ee\/#website\"},\"datePublished\":\"2015-02-28T19:38:29+00:00\",\"dateModified\":\"2024-02-17T14:14:28+00:00\",\"breadcrumb\":{\"@id\":\"https:\/\/asashio.baka.ee\/?page_id=1334#breadcrumb\"},\"inLanguage\":\"en-US\",\"potentialAction\":[{\"@type\":\"ReadAction\",\"target\":[\"https:\/\/asashio.baka.ee\/?page_id=1334\"]}]},{\"@type\":\"BreadcrumbList\",\"@id\":\"https:\/\/asashio.baka.ee\/?page_id=1334#breadcrumb\",\"itemListElement\":[{\"@type\":\"ListItem\",\"position\":1,\"name\":\"Home\",\"item\":\"https:\/\/asashio.baka.ee\/\"},{\"@type\":\"ListItem\",\"position\":2,\"name\":\"\u00dcritused\",\"item\":\"https:\/\/asashio.baka.ee\/?page_id=32\"},{\"@type\":\"ListItem\",\"position\":3,\"name\":\"2015 &#8211; 2017\"}]}]}<\/script>\n<!-- \/ Yoast SEO plugin. -->","yoast_head_json":{"title":"2015 - 2017 - Kultuuriklubi Asashio","robots":{"index":"index","follow":"follow","max-snippet":"max-snippet:-1","max-image-preview":"max-image-preview:large","max-video-preview":"max-video-preview:-1"},"canonical":"https:\/\/asashio.baka.ee\/?page_id=1334","og_locale":"en_US","og_type":"article","og_title":"2015 - 2017 - Kultuuriklubi Asashio","og_description":"2015 - 13. veebruar - S\u00f5brap\u00e4evapidu Tallinnas - 13.-15. veebruar - TourEst turismimess Tallinnas | Koost\u00f6\u00f6s\u00a0Jaapani Suursaatkonnaga Eestis|\u00a0Fotod - 28. veebruar - Anime\u00f6\u00f6: M\u00fcsteeriumid - 14. m\u00e4rts - White Day pidu Tartus - 27. m\u00e4rts - minimangade joonistamine Tartus - 28. m\u00e4rts - Cosplay p\u00e4ev Tallinnas | Fotod - 11. aprill - mahjongi ja go [&hellip;]","og_url":"https:\/\/asashio.baka.ee\/?page_id=1334","og_site_name":"Kultuuriklubi Asashio","article_publisher":"https:\/\/www.facebook.com\/jaapanikultuuriklubiasashio","article_modified_time":"2024-02-17T14:14:28+00:00","twitter_card":"summary_large_image","twitter_site":"@tartu_asashio","twitter_misc":{"Est. reading time":"1 minute"},"schema":{"@context":"https:\/\/schema.org","@graph":[{"@type":"WebSite","@id":"https:\/\/asashio.baka.ee\/#website","url":"https:\/\/asashio.baka.ee\/","name":"Kultuuriklubi Asashio","description":"","potentialAction":[{"@type":"SearchAction","target":{"@type":"EntryPoint","urlTemplate":"https:\/\/asashio.baka.ee\/?s={search_term_string}"},"query-input":"required name=search_term_string"}],"inLanguage":"en-US"},{"@type":"WebPage","@id":"https:\/\/asashio.baka.ee\/?page_id=1334#webpage","url":"https:\/\/asashio.baka.ee\/?page_id=1334","name":"2015 - 2017 - Kultuuriklubi Asashio","isPartOf":{"@id":"https:\/\/asashio.baka.ee\/#website"},"datePublished":"2015-02-28T19:38:29+00:00","dateModified":"2024-02-17T14:14:28+00:00","breadcrumb":{"@id":"https:\/\/asashio.baka.ee\/?page_id=1334#breadcrumb"},"inLanguage":"en-US","potentialAction":[{"@type":"ReadAction","target":["https:\/\/asashio.baka.ee\/?page_id=1334"]}]},{"@type":"BreadcrumbList","@id":"https:\/\/asashio.baka.ee\/?page_id=1334#breadcrumb","itemListElement":[{"@type":"ListItem","position":1,"name":"Home","item":"https:\/\/asashio.baka.ee\/"},{"@type":"ListItem","position":2,"name":"\u00dcritused","item":"https:\/\/asashio.baka.ee\/?page_id=32"},{"@type":"ListItem","position":3,"name":"2015 &#8211; 2017"}]}]}},"_links":{"self":[{"href":"https:\/\/asashio.baka.ee\/index.php?rest_route=\/wp\/v2\/pages\/1334"}],"collection":[{"href":"https:\/\/asashio.baka.ee\/index.php?rest_route=\/wp\/v2\/pages"}],"about":[{"href":"https:\/\/asashio.baka.ee\/index.php?rest_route=\/wp\/v2\/types\/page"}],"author":[{"embeddable":true,"href":"https:\/\/asashio.baka.ee\/index.php?rest_route=\/wp\/v2\/users\/1"}],"replies":[{"embeddable":true,"href":"https:\/\/asashio.baka.ee\/index.php?rest_route=%2Fwp%2Fv2%2Fcomments&post=1334"}],"version-history":[{"count":4,"href":"https:\/\/asashio.baka.ee\/index.php?rest_route=\/wp\/v2\/pages\/1334\/revisions"}],"predecessor-version":[{"id":1838,"href":"https:\/\/asashio.baka.ee\/index.php?rest_route=\/wp\/v2\/pages\/1334\/revisions\/1838"}],"up":[{"embeddable":true,"href":"https:\/\/asashio.baka.ee\/index.php?rest_route=\/wp\/v2\/pages\/32"}],"wp:attachment":[{"href":"https:\/\/asashio.baka.ee\/index.php?rest_route=%2Fwp%2Fv2%2Fmedia&parent=1334"}],"curies":[{"name":"wp","href":"https:\/\/api.w.org\/{rel}","templated":true}]}}